-11 + -8?
11
What is the value of -9 + (2 + 2 - -10)?
5
What is the value of -422 + 414 + 11 + 0 - (2 - -4)?
-3
Evaluate (-6 - (-7 + 0 - -11)) + 3 + 0.
-7
Evaluate -29 - -15 - -10 - 18.
-22
What is (-1 - (8 + 2)) + (141 - 108)?
22
What is 1 - 0 - (-120 - -132)?
-11
(0 - (-7 - -6)) + 11 + 11
23
-14 + (12 + -24 - (-11 + 0))
-15
What is the value of -6 + (1 - -6) - 11 - (0 + -3)?
-7
Evaluate 0 - 2 - (12 + (-12 - 7)).
5
(-5 - ((-14 - 1) + 1) - 7) + 2
4
What is (-10 - -23) + (0 - -5 - 34)?
-16
What is -3 + 0 + 4 + 4 - (-20 + 15)?
10
Calculate 31 - 32 - (1 + 0) - (-3 - 17).
18
What is the value of -15 - (0 + -4 + 20)?
-31
What is (0 - 0) + (-19 - -39) + -6?
14
Evaluate (3 - -5) + (-22 - (-4 + -10)) + 0.
0
Calculate 55 - 45 - (-3 + 1 + 5 + -2).
9
Calculate -14 + (-7 - 12) + 29.
-4
Calculate 23 - (-22 - -43 - 11).
13
Evaluate 3 - 1 - (1 + 8) - -25.
18
Calculate 9 + (-12 - (1 - -3)) + 13.
6
(1 - (14 + -6 + 0)) + (0 - -3)
-4
Evaluate 18 - 21 - (-19 + 28) - -13.
1
What is the value of (8 - -1) + 0 - (-4 - -3)?
10
14 + 6 + -13 - (0 + (-10 - -2))
15
-3 - (2 - (-22 - (-10 + -2)))
-15
Calculate -5 + (-11 - (0 - 9)).
-7
Evaluate -1 + 6 - (-16 + -6 + 16).
11
Calculate 30 + (17 - 1 - 42).
4
What is the value of (1 - (-14 - -12)) + -1?
2
What is -4 + 3 + (31 - 74 - -37)?
-7
(33 - 7) + (199 - 197)
28
Evaluate (3 + -50 - (-6 + -8)) + 0.
-33
What is 33 + -17 - 29 - -20?
7
What is 4 - (8 + -9 + 2 + -6) - 2?
7
What is -5 + 0 + 27 + -22?
0
Calculate (11 - -2) + (30 - (0 + 34)).
9
(31 - (-11 + 49)) + -24
-31
What is 25 + (23 - 58) + 25 + 1?
16
Calculate 14 + -33 + 19 + (-1 + -11 - 1).
-13
Evaluate (6 - 4) + 4 + 6 + -7.
5
Evaluate -4 - -13 - (13 + -5 + -19).
20
Calculate (1 - 4) + (-5 - -9 - 4).
-3
What is (41 - 57) + (0 - -4 - (4 - 4))?
-12
Calculate -1 + (4 + 3 + -4 - (-1 + 7)).
-4
What is (-58 - -74) + -22 + -2?
-8
Evaluate 10 + 0 + (11 - 15) + 11.
17
-21 + 31 + (14 - 15)
9
Evaluate 8 + 4 + -13 + -4 + 29.
24
Calculate 6 + (-4 - -2) + (26 - (0 + 23)).
7
-23 - 2 - (11 - (19 - 7) - 5)
-19
What is the value of (-11 - -16) + -15 - -10?
0
What is the value of 0 + 33 + (-88 - -71)?
16
What is (-4 + -7 - (1 - (-3 + 10))) + -7?
-12
Evaluate 28 + -32 + 77 - 37.
36
What is -1 + -1 - (-4 - (0 + -1))?
1
-11 + -9 + 11 - (13 + 4 + 0)
-26
What is the value of 7 - (-3 - (35 - 17) - (-7 - 3))?
18
What is the value of 7 - (8 + (-36 - -46))?
-11
What is -10 + -8 + 4 + 9 - 9?
-14
Calculate -5 + (36 - 6) + (16 - 23).
18
11 - ((-26 + 2 - -1 - -10) + 6)
18
Evaluate 12 + -13 + 5 + -10.
-6
What is (-2 - 20) + 46 + -3?
21
What is the value of -29 + -3 + 38 + -39?
-33
Calculate -3 + (-4 - ((9 - 12) + 2)) - 26.
-32
What is -24 + 19 - -5 - (7 - -2)?
-9
What is the value of -133 - -123 - (-1 + -1 + -4)?
-4
What is the value of 12 + 1 + 13 + (1 - -7)?
34
What is (33 - (17 - 11)) + (-6 - -7)?
28
2 + -10 + (-2 - -19) - 3
6
What is the value of (-3 - 8) + 4 + 8?
1
13 + 10 + -17 + 8
14
What is the value of (68 - 53) + 1 + -7 + 1 - 10?
0
Calculate (7 - 6) + -12 + -5 + -5 + 15.
-6
-1 + 2 + (1 - (-9 - (4 - 6)))
9
What is the value of (7 - (0 + 6)) + 2 + (-3 - -4)?
4
Calculate 39 + (7 - 24) - 8.
14
Calculate -31 + -3 - (20 - 39).
-15
Evaluate 2 + (49 - 44) + -23 + 1.
-15
What is -2 + 4 - (-46 - -41)?
7
Calculate 3 + (-9 - -19) + -15 + 11.
9
What is 24 + -7 + 3 + -5?
15
Evaluate 0 + 20 + (-10 - 2).
8
Calculate 4 + 21 + -11 - (25 - (7 + 6)).
2
What is the value of -3 + 24 - (21 - 40)?
40
What is the value of 15 + -14 + -13 - (-2 + 0)?
-10
What is -11 - (-11 + (5 - 4)) - -18?
17
-18 - (24 + 4 + -28)
-18
Evaluate 3 - (2 - (-3 - -11 - -8) - -7).
10
What is the value of -3 - -5 - 7 - -8?
3
What is the value of 25 + -10 - (50 + -15 + -5)?
-15
Calculate (11 - 15) + -14 + -3 + 6.
-15
Evaluate 2 + 1 - (16 - (15 - (19 - 25))).
8
What is (-36 - (21 + 7)) + 35?
-29
What is 13 + 5 + 8 - 32?
-6
What is 22 + -26 - (-33 - -16)?
13
What is 2 - 0 - (10 + (-28 - -15)) - -1?
6
What is (-5 - -23) + (8 - 41) + 20?
5
What is -2 + -9 + 2 + 5 - -4 - 7?
-7
Calculate -103 + 101 + (0 + -1 - 2).
-5
Evaluate 9 - (-5 + (1 - 2) - (58 + -62)).
11
Evaluate -5 + (-11 - -20 - (-5 + 17 - 0)).
-8
Calculate 32 + (37 + -38 - 53).
-22
What is the value of -16 + 24 - (3 + -11)?
16
What is the value of 7 - (-9 + (37 - (8 - 9)))?
-22
What is the value of 2 - (6 + -8 + 17 + -6 + 6)?
-13
Evaluate 5 + (-183 - -189 - (-2 - (0 + -9))).
4
Calculate 1503 - 1505 - (-13 + -2 + -1).
14
9 + (-9 - (-2 - 14) - 5)
11
Evaluate 2 + 1 - -9 - (78 + -85).
19
What is (-5 - -1) + (-14 - -37) + -27?
-8
-10 + (102 - 93 - (1 + 2))
-4
6 + 2 + -2 + -5 + -1 + 8
8
(-1 - 2) + -1 + 10
6
Calculate 16 + -42 + 6 - -18.
-2
What is 6 + (-8 + 4 - 11)?
-9
What is the value of (116 - 28 - 73) + -25 + -1?
-11
22 - 3 - (199 - 166)
-14
Evaluate (13 + (3 - -12) - 13) + -37.
-22
11 - (1 + (15 + -8 - 6)) - -26
35
What is the value of 2 + 7 - (22 - 16) - 2 - 4?
-3
What is the value of -18 + 1 + (8 - (17 + -5))?
-21
Calculate -43 + (36 - 30) - -16.
-21
Evaluate 529 - 521 - ((-1 - -1) + 6).
2
What is 4 + (-1 - 1) + (3 - (-2 + 7))?
0
What is the value of 1 + (-7 - -15) - 1 - 23?
-15
Calculate 2 + 37 + -43 + (51 - 17).
30
What is 763 + -775 - (-1 - 19)?
8
What is -4 - (-4 - 8 - -13) - -5 - -18?
18
What is the value of (-14 - (-16 - -6)) + -16 + -3?
-23
Calculate -2 - (-12 - -18) - (-20 + -1).
13
Evaluate -6 + (4 - 22 - -11) - 10.
-23
Calculate -6 + (-9 - (12 + -24)).
-3
What is the value of -4 - (1 - (-4 - (-9 + 8))) - 4?
-12
What is the value of 16 - (12 + -11) - 40?
-25
What is the value of 3111 + -3116 - (-4 - -1)?
-2
Calculate -3 + (6 - (-4 - 0)) + 1 + -7.
1
Evaluate -8 + 2 + -42 + (14 - -22).
-12
-4 - (37 - (-32 - -46))
-27
(-50 + 40 - -8) + (-8 - 1)
-11
(-10 - -19 - 0) + -10 + (-4 - -1)
-4
(-142 - -167) + -12 + 1
14
What is 3 + 26 + -184 + 146?
-9
What is -53 - -32 - -23 - (-5 + 0)?
7
Calculate -12 + 0 + (-10 - (3 + -7) - -6).
-12
Calculate 3 + (-3 - -3) - (6 + 2 + 0).
-5
What is -1 + 7 + (558 - 542)?
22
Evaluate 19 - (-3 + (4 - (14 - 4)) - 1).
29
What is (10 - ((-2 - -10) + 2)) + -17 + 5?
-12
Calculate (1 + -29 - -5) + 43.
20
(-4 + 3 - (-4 + 4)) + (0 - -5)
4
Evaluate (7 - 1) + (-23 + 39 - 18).
4
What is the value of 2 + -3 + 3 + (54 - 61) + -7?
-12
What is (22 - 4) + 9 + (-7 - -10 - 4)?
26
What is the value of (0 + -2 - -8) + -3 + -22 + -10?
-29
What is -23 - -1 - (-17 + -3)?
-2
What is -14 - 0 - -11 - -16 - 11?
2
What is -37 - -64 - (-1 + 10 + (5 - 11))?
24
What is -3 - (-6 - 13) - (-4 + 15)?
5
Evaluate -47 - -47 - -17 - -9.
26
46 - 70 - (4 - (5 - -1))
-22
Calculate 11 - (-17 - -19) - 6.
3
Evaluate -722 + 703 - (-2 - -2 - 32).
13
What is -37 + (-75 - -39) + 79?
6
What is 32 + -37 - (-6 + 3 - (-5 - 0))?
-7
Evaluate 0 - 12 - ((24 - 60) + 23).
1
(-11 - -1) + (-9 - (8 + -20)) + -10
-17
What is -4 + (-3 - -7) + -7 - 2?
-9
Calculate 14 - (-3 - -10) - (2 + -4 - 5).
14
7 - (-14 + 6 - -24)
-9
Calculate -8 - (3 + 7 + 6 + (-11 - 1)).
-12
-9 - 2 - (-16 - -19 - 7)
-7
What is -2 + -8 + -7 + 5 + 6 + -18?
-24
What is (8 - (3 - -8 - (17 - -27))) + -10?
31
What is the value of -9 + 27 + -15 + 9?
12
7 + (-2 - (-5 + -1)) + 4
15
Calculate 91 - 68 - (5 + 34).
-16
What is -6 + -2 + (-3 - -4) + 6?
-1
What is the value of -17 - (-2 - (4 + (-5 - -6) + -2))?
-12
What is 50 + (-11 - (-17 + -18 + 36))?
38
Evaluate (-21 - (-13 + -4)) + (-1 - (0 - -1)).
-6
What is the value of (15 - (2 + -5) - 6) + -3?
9
Calculate (-7 + 3 - -2) + 7 - (3 + 1).
1
What is the value of -7 + (4 - (4 + (3 - (5 - 5))))?
-10
28 - (8 - (-24 + 33))
29
(-7 - -10) + (-8 - -3) + 6 + -2
2
-15 + 21 + 4 + (2 - 4)
8
Evaluate 2 - (2 + 1 + -1 + (736 - 728)).
-8
Evaluate 12 + -26 + (7 - 1 - 2).
-10
What is (-1 + 13 + -6 - 10) + 6?
2
-13 + 2 - (17 + -28 + 2 + 7)
-9
Evaluate 18 - (47 + -31 + 16).
-14
11 + (8 - (2 + -4 + 7 + -4))
18
Evaluate (-11 - 2) + 9 + 26.
22
Evaluate -414 + 413 + -1 + -1 + 1.
-2
What is 22 + -10 - (-8 + 28 - 16)?
8
Evaluate 29 + -14 - ((3 - (0 - 3)) + -1).
10
-15 - ((-8 - 1) + (-5 - -11))
-12
Calculate 1 + 4 + -39 + 30.
-4
What is the value of (42 - 43) + -5 + 11?
5
Evaluate 35 + -1 - (9 + 1 - 3) - 8.
19
What is -3 - 1 - (-87 + -1 + 73)?
11
-2 + (3 - -3) + 6 + -6 + -16
-12
Evaluate -1 - ((-8 - (10 + -14)) + -2).
5
Calculate (9 - 11 - (0 - -4)) + (28 - 31).
-9
(-1 - 0 - (-25 + (18 - 4))) + -6
4
What is the value of -121 + 130 + -3 + 